o base 13
-2
Convert -111 (base 4) to base 5.
-41
What is 44 (base 16) in base 4?
1010
Convert 21021 (base 3) to base 4.
3010
1 (base 14) to base 9
1
184 (base 12) to base 2
11110100
Convert b3 (base 12) to base 5.
1020
Convert -1010 (base 4) to base 2.
-1000100
-156 (base 7) to base 13
-6c
What is 244 (base 8) in base 2?
10100100
-4 (base 15) to base 14
-4
163 (base 7) to base 13
73
Convert 121 (base 4) to base 7.
34
-27 (base 9) to base 3
-221
Convert 8 (base 13) to base 9.
8
1 (base 15) to base 10
1
What is -10 (base 3) in base 12?
-3
2212 (base 3) to base 12
65
-2 (base 6) to base 10
-2
What is 152 (base 10) in base 2?
10011000
-2 (base 14) to base 6
-2
Convert 100 (base 4) to base 16.
10
6 (base 8) to base 13
6
Convert 253 (base 7) to base 11.
114
Convert -3 (base 13) to base 11.
-3
Convert 6 (base 10) to base 11.
6
Convert -358 (base 9) to base 10.
-296
24 (base 5) to base 8
16
What is -238 (base 10) in base 14?
-130
-24 (base 11) to base 13
-20
Convert 8 (base 11) to base 10.
8
What is 0 (base 7) in base 9?
0
Convert 12 (base 7) to base 14.
9
What is 10 (base 2) in base 15?
2
531 (base 8) to base 10
345
Convert 5e (base 15) to base 3.
10022
What is 140 (base 9) in base 7?
225
Convert 1d (base 14) to base 6.
43
What is -10100 (base 2) in base 13?
-17
What is -1 (base 6) in base 3?
-1
Convert 60 (base 7) to base 2.
101010
What is 11001100 (base 2) in base 6?
540
Convert -23 (base 12) to base 3.
-1000
Convert -61 (base 8) to base 11.
-45
Convert -23 (base 8) to base 9.
-21
Convert -1102 (base 3) to base 8.
-46
What is -9 (base 12) in base 2?
-1001
Convert -3 (base 14) to base 8.
-3
Convert -2 (base 15) to base 6.
-2
What is 2 (base 16) in base 13?
2
Convert -54 (base 6) to base 15.
-24
Convert 35 (base 13) to base 5.
134
-c (base 14) to base 12
-10
What is 4 (base 9) in base 6?
4
-a3 (base 13) to base 7
-250
4 (base 14) to base 11
4
Convert -9 (base 13) to base 7.
-12
What is a (base 12) in base 4?
22
0 (base 5) to base 8
0
Convert -11110101 (base 2) to base 9.
-302
-16 (base 12) to base 5
-33
-7 (base 10) to base 16
-7
What is 111 (base 2) in base 13?
7
1110 (base 2) to base 13
11
39 (base 14) to base 6
123
-5 (base 6) to base 8
-5
What is -23 (base 8) in base 12?
-17
Convert 5 (base 14) to base 13.
5
11101 (base 2) to base 12
25
-9 (base 16) to base 14
-9
-5 (base 13) to base 6
-5
Convert -60 (base 9) to base 16.
-36
Convert 14 (base 12) to base 6.
24
1 (base 3) to base 16
1
What is 1 (base 4) in base 11?
1
What is 20 (base 6) in base 12?
10
What is -62 (base 10) in base 7?
-116
Convert 2 (base 13) to base 11.
2
-9 (base 14) to base 7
-12
What is 61 (base 8) in base 13?
3a
11 (base 3) to base 16
4
What is -1 (base 5) in base 7?
-1
Convert 8 (base 12) to base 8.
10
What is -111 (base 4) in base 6?
-33
-2 (base 4) to base 7
-2
-4a (base 11) to base 13
-42
What is -5d (base 16) in base 11?
-85
-1 (base 16) to base 5
-1
What is -11 (base 7) in base 14?
-8
-6 (base 10) to base 13
-6
10021 (base 4) to base 9
324
Convert -111 (base 4) to base 13.
-18
2 (base 5) to base 6
2
-64 (base 10) to base 3
-2101
Convert -6 (base 12) to base 2.
-110
Convert -92 (base 15) to base 6.
-345
3312 (base 4) to base 12
186
What is 91 (base 11) in base 2?
1100100
Convert 303 (base 10) to base 8.
457
-64 (base 9) to base 13
-46
1 (base 10) to base 12
1
What is 3 (base 15) in base 4?
3
Convert -3 (base 12) to base 14.
-3
2f (base 16) to base 10
47
Convert 1d (base 14) to base 6.
43
Convert 2 (base 16) to base 3.
2
Convert -311 (base 4) to base 6.
-125
Convert -1001 (base 4) to base 11.
-5a
22 (base 12) to base 14
1c
200 (base 3) to base 9
20
Convert -113 (base 4) to base 14.
-19
Convert -3 (base 9) to base 13.
-3
What is -2143 (base 5) in base 10?
-298
What is -1 (base 13) in base 2?
-1
What is 0 (base 13) in base 15?
0
What is 12 (base 10) in base 3?
110
Convert 51 (base 11) to base 9.
62
What is 15 (base 9) in base 13?
11
Convert 102 (base 7) to base 6.
123
-22 (base 11) to base 8
-30
-1 (base 8) to base 4
-1
Convert -11 (base 2) to base 13.
-3
Convert 3 (base 4) to base 7.
3
What is -2f (base 16) in base 13?
-38
Convert b (base 12) to base 5.
21
What is 4 (base 9) in base 5?
4
88 (base 13) to base 4
1300
What is -102 (base 3) in base 15?
-b
-89 (base 10) to base 2
-1011001
2 (base 6) to base 2
10
130 (base 6) to base 4
312
-6 (base 12) to base 4
-12
Convert 112 (base 5) to base 11.
2a
Convert -1 (base 11) to base 7.
-1
14 (base 12) to base 2
10000
cd (base 14) to base 13
10c
302 (base 5) to base 7
140
Convert -81 (base 11) to base 14.
-65
Convert 35 (base 15) to base 5.
200
-a (base 16) to base 7
-13
-134 (base 12) to base 11
-158
What is a (base 11) in base 15?
a
-1 (base 13) to base 4
-1
Convert -112 (base 4) to base 7.
-31
-e9 (base 15) to base 2
-11011011
Convert -c (base 13) to base 10.
-12
Convert 48 (base 14) to base 10.
64
5 (base 10) to base 9
5
What is -231 (base 4) in base 11?
-41
121 (base 5) to base 13
2a
Convert 20 (base 15) to base 3.
1010
-102 (base 8) to base 7
-123
What is -8e (base 15) in base 8?
-206
3 (base 14) to base 6
3
Convert -1b2 (base 14) to base 13.
-211
Convert 4 (base 6) to base 11.
4
-9 (base 12) to base 4
-21
What is -2 (base 12) in base 14?
-2
Convert -200 (base 3) to base 12.
-16
Convert 0 (base 14) to base 13.
0
-2 (base 11) to base 15
-2
Convert 4 (base 7) to base 4.
10
300 (base 7) to base 5
1042
Convert 30 (base 15) to base 12.
39
What is 99 (base 10) in base 15?
69
Convert 2 (base 8) to base 11.
2
What is -149 (base 10) in base 3?
-12112
What is 100121 (base 3) in base 12?
197
-12 (base 4) to base 2
-110
Convert -52 (base 13) to base 12.
-57
What is 3 (base 4) in base 13?
3
What is -17 (base 10) in base 15?
-12
Convert -188 (base 16) to base 3.
-112112
Convert -20 (base 7) to base 14.
-10
50 (base 10) to base 15
35
1 (base 2) to base 3
1
What is 14 (base 11) in base 5?
30
Convert 0 (base 12) to base 6.
0
Convert -31 (base 13) to base 4.
-220
Convert -4 (base 6) to base 12.
-4
-2134 (base 5) to base 15
-149
-4 (base 6) to base 10
-4
-121 (base 4) to base 5
-100
c (base 15) to base 3
110
0 (base 13) to base 16
0
What is -242 (base 8) in base 13?
-c6
-83 (base 9) to base 13
-5a
1 (base 7) to base 14
1
Convert 1110 (base 2) to base 16.
e
3 (base 5) to base 3
10
What is 1 (base 8) in base 14?
1
Convert -98 (base 16) to base 8.
-230
Convert 4 (base 9) to base 8.
4
What is 40 (base 6) in base 9?
26
What is 14 (base 12) in base 16?
10
What is 402 (base 5) in base 15?
6c
0 (base 13) to base 5
0
What is -10 (base 4) in base 13?
-4
Convert -105 (base 13) to base 6.
-450
What is -3 (base 5) in base 13?
-3
What is 10d (base 14) in base 11?
180
-1 (base 7) to base 11
-1
Convert -b8 (base 16) to base 8.
-270
-332 (base 4) to base 14
-46
Convert -2a (base 16) to base 10.
-42
What is 6 (base 9) in base 6?
10
Convert -35 (base 16) to base 11.
-49
Convert 0 (base 2) to base 8.
0
What is 1 (base 13) in base 3?
1
What is 3 (base 9) in base 11?
3
What is 2 (base 4) in base 15?
2
What is 7 (base 15) in base 13?
7
What is 50 (base 6) in base 2?
11110
-110 (base 3) to base 14
-c
Convert 445 (base 6) to base 10.
173
Convert 1c (base 13) to base 10.
25
What is 242 (base 8) in base 4?
2202
What is -306 (base 7) in base 10?
-153
What is 511 (base 6) in base 4?
2323
-23 (base 6) to base 16
-f
Convert 2 (base 14) to base 9.
2
Convert -1c (base 16) to base 8.
-34
-1 (base 12) to base 10
-1
What is 32 (base 15) in base 9?
52
What is 101101 (base 2) in base 7?
63
Convert -26 (base 10) to base 2.
-11010
What is a (base 15) in base 5?
20
What is 1 (base 4) in base 13?
1
What is -2 (base 6) in base 9?
-2
-1 (base 14) to base 16
-1
-1 (base 3) to base 10
-1
What is -4 (base 5) in base 6?
-4
16 (base 8) to base 3
112
10 (base 13) to base 14
d
Convert -70 (base 13) to base 5.
-331
-19 (base 11) to base 9
-22
Convert -7 (base 14) to base 9.
-7
Convert 4 (base 13) to base 5.
4
What is -3 (base 15) in base 12?
-3
Convert 120 (base 6) to base 5.
143
Convert -187 (base 10) to base 9.
-227
0 (base 5) to base 9
0
c (base 14) to base 2
1100
1 (base 9) to base 10
1
What is -1 (base 12) in base 15?
-1
Convert 10133 (base 4) to base 7.
560
Convert -41 (base 6) to base 16.
-19
Convert -111 (base 8) to base 12.
-61
What is -4 (base 7) in base 15?
-4
What is 302 (base 4) 